{"id":71,"date":"2022-10-27T17:49:10","date_gmt":"2022-10-27T15:49:10","guid":{"rendered":"https:\/\/www.salondunkel.de\/?page_id=71"},"modified":"2024-04-02T15:45:53","modified_gmt":"2024-04-02T13:45:53","slug":"startseite","status":"publish","type":"page","link":"https:\/\/www.salondunkel.de\/","title":{"rendered":"Startseite"},"content":{"rendered":"\n  \n    \n    <section class=\"u-clearfix u-palette-1-light-3 u-section-2\" id=\"sec-d32f\">\n      <div class=\"u-clearfix u-sheet u-sheet-1\">\n        <img decoding=\"async\" class=\"u-expanded-width u-image u-image-contain u-image-default u-image-1\" src=\"https:\/\/www.salondunkel.de\/wp-content\/uploads\/2023\/01\/salondunkelfblogo-scaled.jpg\" alt=\"\" data-image-width=\"2560\" data-image-height=\"970\">\n      <\/div>\n    <\/section>\n    <section class=\"u-clearfix u-palette-1-light-3 u-section-3\" id=\"sec-d47d\">\n      <div class=\"u-clearfix u-sheet u-valign-middle-lg u-valign-middle-md u-valign-middle-xl u-sheet-1\">\n        <p class=\"u-align-center u-custom-font u-font-montserrat u-text u-text-1\">\n          <span style=\"font-size: 3rem; font-weight: 700;\" class=\"u-text-palette-2-base\"> Die richtigen H\u00e4nde f\u00fcr Ihren Kopf&nbsp;<\/span>\n          <br>\n          <br>\n          <span style=\"font-size: 1.25rem;\">Das Team von Salon Dunkel in Hanau \/ Gro\u00dfauheim empf\u00e4ngt Sie mit neuen Trends \nund Styles.<br>\n            <br>Wir arbeiten und verkaufen Premiummarken wie <span style=\"font-weight: 700;\">Glynt, \nhairdreams, Great Lengths, Olaplex,&nbsp;Goldwell<\/span> und <span style=\"font-weight: 700;\">Wella<\/span>. Das gesamte Team kann sowohl fachlich als auch \npers\u00f6nlich erstklassigen&nbsp;Service bieten. Bei uns werden Sie absolut \nindividuell betreut und erhalten den kompletten Service in&nbsp;entspannter \nUmgebung. Mit all unserem Einf\u00fchlungsverm\u00f6gen und unserer Kreativit\u00e4t werden \nwir&nbsp;Ihren Traum der perfekten Frisur, Farbe, Form und F\u00fclle wahr werden \nlassen. \n          <\/span>\n        <\/p>\n      <\/div>\n    <\/section>\n    <section class=\"u-clearfix u-custom-color-2 u-section-4\" id=\"sec-7006\">\n      <div class=\"u-clearfix u-sheet u-valign-middle-xl u-sheet-1\">\n        <img decoding=\"async\" class=\"u-expanded-width-lg u-expanded-width-xl u-image u-image-default u-image-1\" src=\"https:\/\/www.salondunkel.de\/wp-content\/uploads\/2022\/10\/damen_frisuren-01.jpg\" alt=\"\" data-image-width=\"1180\" data-image-height=\"348\">\n      <\/div>\n    <\/section>\n    <section class=\"u-clearfix u-custom-color-2 u-section-5\" id=\"sec-d192\">\n      <div class=\"u-clearfix u-sheet u-sheet-1\">\n        <p class=\"u-align-center u-custom-font u-font-montserrat u-text u-text-default-xl u-text-palette-2-base u-text-1\"> Ihre Haare sind<span style=\"font-weight: 700;\"><\/span> uns wichtig<br>Nehmen Sie Platz bei uns im Salon und lassen sich verw\u00f6hnen \n        <\/p>\n        <div class=\"u-clearfix u-expanded-width u-layout-wrap u-layout-wrap-1\">\n          <div class=\"u-layout\">\n            <div class=\"u-layout-row\">\n              <div class=\"u-container-style u-layout-cell u-size-30 u-layout-cell-1\">\n                <div class=\"u-container-layout u-container-layout-1\">\n                  <p class=\"u-custom-font u-font-montserrat u-text u-text-2\"> \"Salon Dunkel, guten Tag.\" So begr\u00fc\u00dfen wir Sie, wenn Sie sich bei uns telefonisch melden. Hier auf unserer Homepage freuen sich alle Mitarbeiter des Salon Dunkel Sie begr\u00fc\u00dfen zu d\u00fcrfen. Schnuppern Sie auf unseren Seiten und lernen Sie uns kennen. Auf Sie als Spontan- oder Terminkunde wartet ein hei\u00dfer Tee oder ein frischer Kaffee. \"Mit Milch und Zucker?\"<\/p>\n                <\/div>\n              <\/div>\n              <div class=\"u-container-style u-layout-cell u-size-30 u-layout-cell-2\">\n                <div class=\"u-container-layout u-container-layout-2\">\n                  <p class=\"u-custom-font u-font-montserrat u-text u-text-3\"> Seit nunmehr&nbsp;13 Jahren betreibt Sandra Dunkel den<br>Salon Dunkel in&nbsp;<span style=\"font-weight: 700;\">Hanau \/ Gro\u00dfauheim<\/span>. Der Salon ist&nbsp;eine wohlbekannte Adresse f\u00fcr anspruchsvolle Kunden, die besonderen Wert auf eine exklusive Beratung und einen auf die eigenen Bed\u00fcrfnisse abgestimmten Service legen -&nbsp;<span style=\"font-weight: 700;\">pers\u00f6nlich&nbsp;<\/span>und&nbsp;<span style=\"font-weight: 700;\">professionell<\/span>, <span style=\"font-weight: 700;\">typgerecht&nbsp;<\/span>und&nbsp;<br>\n                    <span style=\"font-weight: 700;\">trendbewu\u00dft<\/span>. \n                  <\/p>\n                <\/div>\n              <\/div>\n            <\/div>\n          <\/div>\n        <\/div>\n      <\/div>\n    <\/section>\n    <section class=\"u-clearfix u-custom-color-3 u-section-6\" id=\"sec-4f40\">\n      <div class=\"u-clearfix u-sheet u-valign-middle-sm u-sheet-1\">\n        <div class=\"u-clearfix u-expanded-width u-layout-wrap u-layout-wrap-1\">\n          <div class=\"u-layout\">\n            <div class=\"u-layout-row\">\n              <div class=\"u-container-style u-layout-cell u-size-15 u-size-30-md u-layout-cell-1\">\n                <div class=\"u-container-layout u-container-layout-1\">\n                  <p class=\"u-custom-font u-font-montserrat u-text u-text-default u-text-1\">Damen<\/p>\n                  <img decoding=\"async\" class=\"u-expanded-width-md u-expanded-width-sm u-expanded-width-xs u-image u-image-1\" src=\"https:\/\/www.salondunkel.de\/wp-content\/uploads\/2022\/10\/fotolia_foehnen-large.jpg\" data-image-width=\"424\" data-image-height=\"283\">\n                <\/div>\n              <\/div>\n              <div class=\"u-container-style u-layout-cell u-size-15 u-size-30-md u-layout-cell-2\">\n                <div class=\"u-container-layout u-container-layout-2\">\n                  <p class=\"u-custom-font u-font-montserrat u-text u-text-default u-text-2\">Herren<\/p>\n                  <img decoding=\"async\" class=\"u-expanded-width u-image u-image-default u-image-2\" src=\"https:\/\/www.salondunkel.de\/wp-content\/uploads\/2022\/10\/salon_dunkel_184256-large.jpg\" alt=\"\" data-image-width=\"275\" data-image-height=\"183\">\n                <\/div>\n              <\/div>\n              <div class=\"u-container-style u-layout-cell u-size-15 u-size-30-md u-layout-cell-3\">\n                <div class=\"u-container-layout u-container-layout-3\">\n                  <p class=\"u-custom-font u-font-montserrat u-text u-text-default u-text-3\">Haarverl\u00e4ngerungen<\/p>\n                  <img decoding=\"async\" class=\"u-expanded-width u-image u-image-default u-image-3\" src=\"https:\/\/www.salondunkel.de\/wp-content\/uploads\/2022\/10\/fotolia_haarteil-einarbeiten-large.jpg\" alt=\"\" data-image-width=\"424\" data-image-height=\"283\">\n                <\/div>\n              <\/div>\n              <div class=\"u-container-style u-layout-cell u-size-15 u-size-30-md u-layout-cell-4\">\n                <div class=\"u-container-layout u-container-layout-4\">\n                  <p class=\"u-custom-font u-font-montserrat u-text u-text-default u-text-4\">Angebote<\/p>\n                  <img decoding=\"async\" class=\"u-expanded-width u-image u-image-default u-image-4\" src=\"https:\/\/www.salondunkel.de\/wp-content\/uploads\/2022\/10\/fotolia_frau-entsetzt-wegen-haarausfall-large.jpg\" alt=\"\" data-image-width=\"410\" data-image-height=\"293\">\n                <\/div>\n              <\/div>\n            <\/div>\n          <\/div>\n        <\/div>\n      <\/div>\n    <\/section>\n    <section class=\"u-clearfix u-container-align-center u-image u-section-7\" id=\"sec-5c04\" data-image-width=\"1280\" data-image-height=\"890\" style=\"background-image: url(&quot;https:\/\/www.salondunkel.de\/wp-content\/uploads\/2022\/10\/background-1280-large.png&quot;);\">\n      <div class=\"u-clearfix u-sheet u-sheet-1\">\n        <div class=\"u-clearfix u-expanded-width u-layout-wrap u-layout-wrap-1\">\n          <div class=\"u-layout\">\n            <div class=\"u-layout-col\">\n              <div class=\"u-size-30\">\n                <div class=\"u-layout-row\">\n                  <div class=\"u-container-style u-layout-cell u-size-20 u-layout-cell-1\">\n                    <div class=\"u-container-layout u-container-layout-1\">\n                      <img decoding=\"async\" class=\"u-image u-image-contain u-image-1\" src=\"https:\/\/www.salondunkel.de\/wp-content\/uploads\/2022\/10\/olaplex-logo-weiss-large.png\" data-image-width=\"2048\" data-image-height=\"488\">\n                    <\/div>\n                  <\/div>\n                  <div class=\"u-container-style u-layout-cell u-size-20 u-layout-cell-2\">\n                    <div class=\"u-container-layout u-container-layout-2\">\n                      <img decoding=\"async\" class=\"u-expanded-width-lg u-expanded-width-md u-expanded-width-xl u-image u-image-default u-image-2\" src=\"https:\/\/www.salondunkel.de\/wp-content\/uploads\/2022\/10\/goldwell-logoweiss-large.png\" alt=\"\" data-image-width=\"1582\" data-image-height=\"180\">\n                    <\/div>\n                  <\/div>\n                  <div class=\"u-container-style u-layout-cell u-size-20 u-layout-cell-3\">\n                    <div class=\"u-container-layout u-valign-top-lg u-valign-top-md u-valign-top-xl u-container-layout-3\">\n                      <img decoding=\"async\" class=\"u-image u-image-contain u-image-default u-image-3\" src=\"https:\/\/www.salondunkel.de\/wp-content\/uploads\/2022\/10\/glynt_logo_negativ_300-large.png\" alt=\"\" data-image-width=\"300\" data-image-height=\"136\">\n                    <\/div>\n                  <\/div>\n                <\/div>\n              <\/div>\n              <div class=\"u-size-30\">\n                <div class=\"u-layout-row\">\n                  <div class=\"u-container-style u-layout-cell u-size-20 u-layout-cell-4\">\n                    <div class=\"u-container-layout u-valign-top-lg u-valign-top-md u-valign-top-xl u-container-layout-4\">\n                      <img decoding=\"async\" class=\"u-image u-image-contain u-image-default u-image-4\" src=\"https:\/\/www.salondunkel.de\/wp-content\/uploads\/2022\/10\/logo-hairdreams-weiss-large.png\" alt=\"\" data-image-width=\"300\" data-image-height=\"82\">\n                    <\/div>\n                  <\/div>\n                  <div class=\"u-container-style u-layout-cell u-size-20 u-layout-cell-5\">\n                    <div class=\"u-container-layout u-container-layout-5\">\n                      <img decoding=\"async\" class=\"u-image u-image-contain u-image-default u-image-5\" src=\"https:\/\/www.salondunkel.de\/wp-content\/uploads\/2022\/10\/wella-weiss-large.png\" alt=\"\" data-image-width=\"557\" data-image-height=\"349\">\n                    <\/div>\n                  <\/div>\n                  <div class=\"u-container-style u-layout-cell u-size-20 u-layout-cell-6\">\n                    <div class=\"u-container-layout u-valign-top-lg u-valign-top-md u-valign-top-xl u-container-layout-6\">\n                      <img decoding=\"async\" class=\"u-image u-image-contain u-image-default u-image-6\" src=\"https:\/\/www.salondunkel.de\/wp-content\/uploads\/2022\/10\/great-lengths-logo-weiss-large.png\" alt=\"\" data-image-width=\"600\" data-image-height=\"140\">\n                    <\/div>\n                  <\/div>\n                <\/div>\n              <\/div>\n            <\/div>\n          <\/div>\n        <\/div>\n      <\/div>\n    <\/section>\n    \n    \n    \n  \n","protected":false},"excerpt":{"rendered":"<p>Die richtigen H\u00e4nde f\u00fcr Ihren Kopf&nbsp; Das Team von Salon Dunkel in Hanau \/ Gro\u00dfauheim empf\u00e4ngt Sie mit neuen Trends und Styles. Wir arbeiten und verkaufen Premiummarken wie Glynt, hairdreams, Great Lengths, Olaplex,&nbsp;Goldwell und Wella. Das gesamte Team kann sowohl fachlich als auch pers\u00f6nlich erstklassigen&nbsp;Service bieten. Bei uns werden Sie absolut individuell betreut und erhalten &hellip; <a href=\"https:\/\/www.salondunkel.de\/\" class=\"more-link\">Continue reading<span class=\"screen-reader-text\"> &#8222;Startseite&#8220;<\/span><\/a><\/p>\n","protected":false},"author":1,"featured_media":0,"parent":0,"menu_order":5,"comment_status":"closed","ping_status":"closed","template":"","meta":{"footnotes":""},"class_list":["post-71","page","type-page","status-publish","hentry"],"_links":{"self":[{"href":"https:\/\/www.salondunkel.de\/index.php?rest_route=\/wp\/v2\/pages\/71","targetHints":{"allow":["GET"]}}],"collection":[{"href":"https:\/\/www.salondunkel.de\/index.php?rest_route=\/wp\/v2\/pages"}],"about":[{"href":"https:\/\/www.salondunkel.de\/index.php?rest_route=\/wp\/v2\/types\/page"}],"author":[{"embeddable":true,"href":"https:\/\/www.salondunkel.de\/index.php?rest_route=\/wp\/v2\/users\/1"}],"replies":[{"embeddable":true,"href":"https:\/\/www.salondunkel.de\/index.php?rest_route=%2Fwp%2Fv2%2Fcomments&post=71"}],"version-history":[{"count":2,"href":"https:\/\/www.salondunkel.de\/index.php?rest_route=\/wp\/v2\/pages\/71\/revisions"}],"predecessor-version":[{"id":102,"href":"https:\/\/www.salondunkel.de\/index.php?rest_route=\/wp\/v2\/pages\/71\/revisions\/102"}],"wp:attachment":[{"href":"https:\/\/www.salondunkel.de\/index.php?rest_route=%2Fwp%2Fv2%2Fmedia&parent=71"}],"curies":[{"name":"wp","href":"https:\/\/api.w.org\/{rel}","templated":true}]}}