{"id":72,"date":"2022-10-27T17:49:11","date_gmt":"2022-10-27T15:49:11","guid":{"rendered":"https:\/\/www.salondunkel.de\/?page_id=72"},"modified":"2023-01-02T12:12:10","modified_gmt":"2023-01-02T11:12:10","slug":"leistungen","status":"publish","type":"page","link":"https:\/\/www.salondunkel.de\/?page_id=72","title":{"rendered":"Leistungen"},"content":{"rendered":"\n  \n    \n    <section class=\"u-clearfix u-custom-color-2 u-section-2\" id=\"sec-5255\">\n      <div class=\"u-clearfix u-sheet u-valign-middle u-sheet-1\">\n        <img decoding=\"async\" class=\"u-expanded-width u-image u-image-default u-image-1\" src=\"https:\/\/www.salondunkel.de\/wp-content\/uploads\/2022\/10\/damen_frisuren-01.jpg\" alt=\"\" data-image-width=\"1180\" data-image-height=\"348\">\n      <\/div>\n    <\/section>\n    <section class=\"u-clearfix u-custom-color-2 u-section-3\" id=\"sec-5168\">\n      <div class=\"u-clearfix u-sheet u-valign-middle u-sheet-1\">\n        <p class=\"u-align-center u-custom-font u-font-montserrat u-text u-text-1\">\n          <span style=\"font-size: 2.25rem;\" class=\"u-text-palette-2-base\"> Beste Zutaten und ein gutes Gef\u00fchl<\/span>\n          <br>\n          <br>\n          <span style=\"font-size: 1.125rem;\">Die G\u00fcte eines Produktes wird durch die Komposition seiner Einzelsubstanzen bestimmt. Das&nbsp;Geheimnis einer besonderen Rezeptur liegt im Zusammenwirken einzelner Substanzen und der&nbsp;Entfaltung besonderer Wirksamkeit. Solche Kompositionen sind bestgehu\u0308tetes Know-how. Dabei&nbsp;kann nicht nur der Einsatz einer Substanz, sondern auch das Weglassen einer Substanz sinnvoll sein.<\/span>\n        <\/p>\n      <\/div>\n    <\/section>\n    <section class=\"u-clearfix u-section-4\" id=\"sec-81b2\">\n      <div class=\"u-clearfix u-sheet u-sheet-1\">\n        <div class=\"u-clearfix u-expanded-width u-layout-wrap u-layout-wrap-1\">\n          <div class=\"u-layout\">\n            <div class=\"u-layout-row\">\n              <div class=\"u-container-style u-layout-cell u-size-20 u-layout-cell-1\">\n                <div class=\"u-container-layout u-valign-top-sm u-valign-top-xs u-container-layout-1\">\n                  <p class=\"u-custom-font u-font-montserrat u-text u-text-1\">\n                    <span style=\"font-size: 1.5rem;\" class=\"u-text-palette-2-base\"> Unsere Leistungen<\/span>\n                    <br>\n                  <\/p>\n                  <ul class=\"u-text u-text-2\">\n                    <li> waschen - schneiden <\/li>\n                    <li>f\u00f6hnen - einlegen<br>\n                    <\/li>\n                    <li> t\u00f6nen - f\u00e4rben <\/li>\n                    <li> str\u00e4hnen - highlights<br>\n                    <\/li>\n                    <li> frisieren - hochstecken<br>\n                    <\/li>\n                  <\/ul>\n                  <img decoding=\"async\" class=\"u-image u-image-contain u-image-default u-image-1\" src=\"https:\/\/www.salondunkel.de\/wp-content\/uploads\/2022\/10\/salon-dunkel-large.png\" alt=\"\" data-image-width=\"850\" data-image-height=\"313\">\n                <\/div>\n              <\/div>\n              <div class=\"u-container-style u-layout-cell u-size-20 u-layout-cell-2\">\n                <div class=\"u-container-layout u-valign-middle u-container-layout-2\">\n                  <img decoding=\"async\" class=\"u-expanded-width u-image u-image-default u-preserve-proportions u-image-2\" src=\"https:\/\/www.salondunkel.de\/wp-content\/uploads\/2022\/10\/glynt_social_media_volume_posting_02-large.jpg\" alt=\"\" data-image-width=\"373\" data-image-height=\"373\">\n                <\/div>\n              <\/div>\n              <div class=\"u-container-style u-layout-cell u-size-20 u-layout-cell-3\">\n                <div class=\"u-container-layout u-container-layout-3\">\n                  <p class=\"u-custom-font u-font-montserrat u-text u-text-3\">\n                    <span style=\"font-size: 1.5rem;\" class=\"u-text-palette-2-base\"> Kosmetik - Behandlungen<\/span>\n                    <br>\n                    <br>\n                    <br>\n                  <\/p>\n                  <ul class=\"u-text u-text-4\">\n                    <li> Make-up f\u00fcr alle Anl\u00e4sse zb. Easy and go <\/li>\n                    <li> Braut,&nbsp; Tages und Abend Make-up<br>\n                    <\/li>\n                    <li> Wimpernwelle <\/li>\n                    <li> Wimpern und Augenbraun Styling (mit orientalischer Fadenzupftechnik)<br>\n                    <\/li>\n                    <li> augenbraun und wimpernf\u00e4rben<br>\n                    <\/li>\n                    <li> augenbraun korrigieren<br>\n                    <\/li>\n                    <li> Manik\u00fcre<br>\n                    <\/li>\n                    <li> Haarentfernung orientalisch mit Feuer&nbsp; z. in Ohren<br>\n                    <\/li>\n                  <\/ul>\n                <\/div>\n              <\/div>\n            <\/div>\n          <\/div>\n        <\/div>\n      <\/div>\n    <\/section>\n    <section class=\"u-clearfix u-section-5\" id=\"sec-a1f2\">\n      <div class=\"u-clearfix u-sheet u-sheet-1\">\n        <div class=\"u-clearfix u-expanded-width u-gutter-0 u-layout-wrap u-layout-wrap-1\">\n          <div class=\"u-layout\">\n            <div class=\"u-layout-row\">\n              <div class=\"u-container-style u-layout-cell u-size-19 u-layout-cell-1\">\n                <div class=\"u-container-layout u-container-layout-1\">\n                  <img decoding=\"async\" class=\"u-expanded-width u-image u-image-default u-preserve-proportions u-image-1\" src=\"https:\/\/www.salondunkel.de\/wp-content\/uploads\/2022\/10\/mangala_posting_01-large.jpg\" alt=\"\" data-image-width=\"1080\" data-image-height=\"1080\">\n                <\/div>\n              <\/div>\n              <div class=\"u-container-style u-layout-cell u-size-41 u-layout-cell-2\">\n                <div class=\"u-container-layout u-container-layout-2\">\n                  <p class=\"u-custom-font u-font-montserrat u-text u-text-default u-text-1\">\n                    <span style=\"font-size: 1.875rem;\" class=\"u-text-palette-2-base\"> Salon Dunkel - Das ist Liebe zum Beruf\"<\/span>\n                    <br>\n                    <br>\n                    <span style=\"font-size: 1.125rem;\">\n                      <span style=\"font-weight: 700;\">\"EMOTION<\/span>\", Empathie, Einf\u00fchlungsverm\u00f6gen und nat\u00fcrlich absolute Liebe zum Beruf. Salon Dunkel - Einfach mehr als \"nur\" ein Friseur.<br>\n                      <br>\n                      <span style=\"font-weight: 700;\">Beratung<\/span>\n                      <br>Beratung ist besonders besonders wichtig, um genau auf Ihre W\u00fcnsche und Vorstellungen eingehen zu k\u00f6nnen.<br>\n                      <br>\n                      <span style=\"font-weight: 700;\">Schneiden &amp; F\u00f6hnen<\/span>\n                      <br>Exzellente Frisuren und Sylingtechniken, die unsere Kunden jederzeit umsetzen k\u00f6nnen sind f\u00fcr uns ein Muss. \n                    <\/span>\n                  <\/p>\n                <\/div>\n              <\/div>\n            <\/div>\n          <\/div>\n        <\/div>\n      <\/div>\n    <\/section>\n    <section class=\"u-clearfix u-section-6\" id=\"sec-3a72\">\n      <div class=\"u-clearfix u-sheet u-sheet-1\">\n        <div class=\"u-clearfix u-expanded-width u-layout-wrap u-layout-wrap-1\">\n          <div class=\"u-layout\">\n            <div class=\"u-layout-row\">\n              <div class=\"u-container-style u-layout-cell u-size-40 u-layout-cell-1\">\n                <div class=\"u-container-layout u-valign-top u-container-layout-1\">\n                  <p class=\"u-custom-font u-font-montserrat u-text u-text-default u-text-1\">\n                    <span style=\"font-size: 1.875rem;\" class=\"u-text-palette-2-base\">Ein Muss f\u00fcr uns. Tierversuchs frei mit nat\u00fcrlichen Inhaltsstoffen geh\u00f6ren zu unserer Produktpalette<\/span>\n                    <br>\n                    <br>\n                    <span style=\"font-weight: 700;\">Coloration<\/span>\n                    <br>Wir arbeiten ausschlie\u00dflich mit hochwertigen Produkten von&nbsp;<span style=\"font-weight: 700;\">Glynt, Wella&nbsp;und&nbsp;Goldwell<\/span>. Unsere gro\u00dfen Erfahrungen bietet stets traumhafte Ergebnisse.<br>\n                    <br>\n                    <span style=\"font-weight: 700;\">Brautfrisuren &amp; Makeup \u2013kommunion, konfirmation, Anl\u00e4sse jeglicher Art<\/span>\n                    <br>F\u00fcr diese Erlebnisse bieten wir&nbsp;<span style=\"font-weight: 700;\">Komplettpakete<\/span>, die sie&nbsp;<span style=\"font-weight: 700;\">traumhaft in Szene<\/span>&nbsp;setzen werden.<br>\n                    <br>\n                    <span style=\"font-weight: 700;\">Haarverl\u00e4ngerung<\/span>\n                    <br>Hier werden nur die besten Extensions von&nbsp;<span style=\"font-weight: 700;\">Great Length<\/span>&nbsp;und&nbsp;<span style=\"font-weight: 700;\">Hairdreams&nbsp;<\/span>verwendet. Unsichtbar, kaum sp\u00fcrbar, h\u00f6chste Qualit\u00e4t, nat\u00fcrliches Aussehen.<br>\n                  <\/p>\n                <\/div>\n              <\/div>\n              <div class=\"u-container-style u-layout-cell u-size-20 u-layout-cell-2\">\n                <div class=\"u-container-layout u-valign-top-sm u-valign-top-xs u-container-layout-2\">\n                  <img decoding=\"async\" class=\"u-image u-image-default u-preserve-proportions u-image-1\" src=\"https:\/\/www.salondunkel.de\/wp-content\/uploads\/2022\/10\/glynt_social_media_blond_posting_04-large.jpg\" alt=\"\" data-image-width=\"1080\" data-image-height=\"1080\">\n                <\/div>\n              <\/div>\n            <\/div>\n          <\/div>\n        <\/div>\n      <\/div>\n    <\/section>\n    <section class=\"u-clearfix u-section-7\" id=\"sec-2f41\">\n      <div class=\"u-clearfix u-sheet u-sheet-1\">\n        <img decoding=\"async\" class=\"u-image u-image-default u-preserve-proportions u-image-1\" src=\"https:\/\/www.salondunkel.de\/wp-content\/uploads\/2023\/01\/wimper2.jpg\" alt=\"\" data-image-width=\"1564\" data-image-height=\"1564\">\n        <img decoding=\"async\" class=\"u-image u-image-default u-preserve-proportions u-image-2\" src=\"https:\/\/www.salondunkel.de\/wp-content\/uploads\/2023\/01\/augenbrauee.jpg\" alt=\"\" data-image-width=\"1564\" data-image-height=\"1564\">\n        <lt-highlighter style=\"display: none; z-index: 1 !important;\">\n          <lt-div spellcheck=\"false\" class=\"lt-highlighter__wrapper\" style=\"width: 163px; height: 102px; transform: none !important; transform-origin: 81.5px 51.2px 0px !important; margin-top: -234px; margin-left: 471px;\">\n            <lt-div class=\"lt-highlighter__scroll-element\" style=\"top: 0px; left: 0px; width: 163px; height: 102px;\">\n              <canvas class=\"lt-highlighter__canvas\" style=\"display: none; top: 53px; left: 32px;\" width=\"99\" height=\"23\"><\/canvas>\n            <\/lt-div>\n          <\/lt-div>\n        <\/lt-highlighter>\n        <p class=\"u-align-center u-text u-text-1\">Wimpernlifting<br>und<br>Fadenzupfen<br>\n          <br>\n        <\/p>\n      <\/div>\n    <\/section>\n    <section class=\"u-clearfix u-container-align-center u-image u-section-8\" id=\"sec-4caf\" data-image-width=\"1280\" data-image-height=\"890\" style=\"background-image: url(&quot;https:\/\/www.salondunkel.de\/wp-content\/uploads\/2022\/10\/background-1280-large.png&quot;);\">\n      <div class=\"u-clearfix u-sheet u-sheet-1\">\n        <div class=\"u-clearfix u-expanded-width u-layout-wrap u-layout-wrap-1\">\n          <div class=\"u-layout\">\n            <div class=\"u-layout-col\">\n              <div class=\"u-size-30\">\n                <div class=\"u-layout-row\">\n                  <div class=\"u-container-style u-layout-cell u-size-20 u-layout-cell-1\">\n                    <div class=\"u-container-layout u-container-layout-1\">\n                      <img decoding=\"async\" class=\"u-image u-image-contain u-image-1\" src=\"https:\/\/www.salondunkel.de\/wp-content\/uploads\/2022\/10\/olaplex-logo-weiss-large.png\" data-image-width=\"2048\" data-image-height=\"488\">\n                    <\/div>\n                  <\/div>\n                  <div class=\"u-container-style u-layout-cell u-size-20 u-layout-cell-2\">\n                    <div class=\"u-container-layout u-container-layout-2\">\n                      <img decoding=\"async\" class=\"u-expanded-width-lg u-expanded-width-md u-expanded-width-xl u-image u-image-default u-image-2\" src=\"https:\/\/www.salondunkel.de\/wp-content\/uploads\/2022\/10\/goldwell-logoweiss-large.png\" alt=\"\" data-image-width=\"1582\" data-image-height=\"180\">\n                    <\/div>\n                  <\/div>\n                  <div class=\"u-container-style u-layout-cell u-size-20 u-layout-cell-3\">\n                    <div class=\"u-container-layout u-valign-top-lg u-valign-top-md u-valign-top-xl u-container-layout-3\">\n                      <img decoding=\"async\" class=\"u-image u-image-contain u-image-default u-image-3\" src=\"https:\/\/www.salondunkel.de\/wp-content\/uploads\/2022\/10\/glynt_logo_negativ_300-large.png\" alt=\"\" data-image-width=\"300\" data-image-height=\"136\">\n                    <\/div>\n                  <\/div>\n                <\/div>\n              <\/div>\n              <div class=\"u-size-30\">\n                <div class=\"u-layout-row\">\n                  <div class=\"u-container-style u-layout-cell u-size-20 u-layout-cell-4\">\n                    <div class=\"u-container-layout u-valign-top-lg u-valign-top-md u-valign-top-xl u-container-layout-4\">\n                      <img decoding=\"async\" class=\"u-image u-image-contain u-image-default u-image-4\" src=\"https:\/\/www.salondunkel.de\/wp-content\/uploads\/2022\/10\/logo-hairdreams-weiss-large.png\" alt=\"\" data-image-width=\"300\" data-image-height=\"82\">\n                    <\/div>\n                  <\/div>\n                  <div class=\"u-container-style u-layout-cell u-size-20 u-layout-cell-5\">\n                    <div class=\"u-container-layout u-container-layout-5\">\n                      <img decoding=\"async\" class=\"u-image u-image-contain u-image-default u-image-5\" src=\"https:\/\/www.salondunkel.de\/wp-content\/uploads\/2022\/10\/wella-weiss-large.png\" alt=\"\" data-image-width=\"557\" data-image-height=\"349\">\n                    <\/div>\n                  <\/div>\n                  <div class=\"u-container-style u-layout-cell u-size-20 u-layout-cell-6\">\n                    <div class=\"u-container-layout u-valign-top-lg u-valign-top-md u-valign-top-xl u-container-layout-6\">\n                      <img decoding=\"async\" class=\"u-image u-image-contain u-image-default u-image-6\" src=\"https:\/\/www.salondunkel.de\/wp-content\/uploads\/2022\/10\/great-lengths-logo-weiss-large.png\" alt=\"\" data-image-width=\"600\" data-image-height=\"140\">\n                    <\/div>\n                  <\/div>\n                <\/div>\n              <\/div>\n            <\/div>\n          <\/div>\n        <\/div>\n      <\/div>\n    <\/section>\n    \n    \n    \n  \n","protected":false},"excerpt":{"rendered":"<p>Beste Zutaten und ein gutes Gef\u00fchl Die G\u00fcte eines Produktes wird durch die Komposition seiner Einzelsubstanzen bestimmt. Das&nbsp;Geheimnis einer besonderen Rezeptur liegt im Zusammenwirken einzelner Substanzen und der&nbsp;Entfaltung besonderer Wirksamkeit. Solche Kompositionen sind bestgehu\u0308tetes Know-how. Dabei&nbsp;kann nicht nur der Einsatz einer Substanz, sondern auch das Weglassen einer Substanz sinnvoll sein. Unsere Leistungen waschen &#8211; schneiden &hellip; <a href=\"https:\/\/www.salondunkel.de\/?page_id=72\" class=\"more-link\">Continue reading<span class=\"screen-reader-text\"> &#8222;Leistungen&#8220;<\/span><\/a><\/p>\n","protected":false},"author":1,"featured_media":0,"parent":0,"menu_order":6,"comment_status":"closed","ping_status":"closed","template":"","meta":{"footnotes":""},"class_list":["post-72","page","type-page","status-publish","hentry"],"_links":{"self":[{"href":"https:\/\/www.salondunkel.de\/index.php?rest_route=\/wp\/v2\/pages\/72","targetHints":{"allow":["GET"]}}],"collection":[{"href":"https:\/\/www.salondunkel.de\/index.php?rest_route=\/wp\/v2\/pages"}],"about":[{"href":"https:\/\/www.salondunkel.de\/index.php?rest_route=\/wp\/v2\/types\/page"}],"author":[{"embeddable":true,"href":"https:\/\/www.salondunkel.de\/index.php?rest_route=\/wp\/v2\/users\/1"}],"replies":[{"embeddable":true,"href":"https:\/\/www.salondunkel.de\/index.php?rest_route=%2Fwp%2Fv2%2Fcomments&post=72"}],"version-history":[{"count":2,"href":"https:\/\/www.salondunkel.de\/index.php?rest_route=\/wp\/v2\/pages\/72\/revisions"}],"predecessor-version":[{"id":119,"href":"https:\/\/www.salondunkel.de\/index.php?rest_route=\/wp\/v2\/pages\/72\/revisions\/119"}],"wp:attachment":[{"href":"https:\/\/www.salondunkel.de\/index.php?rest_route=%2Fwp%2Fv2%2Fmedia&parent=72"}],"curies":[{"name":"wp","href":"https:\/\/api.w.org\/{rel}","templated":true}]}}